{"id":23424,"date":"2017-11-05T17:15:46","date_gmt":"2017-11-05T22:15:46","guid":{"rendered":"http:\/\/www.oscarhumbertogomez.com\/?page_id=23424"},"modified":"2025-03-24T11:28:32","modified_gmt":"2025-03-24T16:28:32","slug":"deporte","status":"publish","type":"page","link":"https:\/\/oscarhumbertogomez.com\/?page_id=23424","title":{"rendered":"Deporte"},"content":{"rendered":"<p><img loading=\"lazy\" decoding=\"async\" class=\"aligncenter size-full wp-image-23991\" src=\"https:\/\/lapiedrafilosofal.com\/wp-content\/uploads\/2017\/11\/SEVERO-HERNANDEZ-T.jpg\" alt=\"\" width=\"300\" height=\"277\"><\/p>\n<p>&nbsp;<\/p>\n<p>\u00a1Hola amigas y amigos!<\/p>\n<p>Esta es la p\u00e1gina deportiva de nuestro portal. En ella, y de acuerdo con el esp\u00edritu general del <em>web site<\/em>, haremos memoria de nuestros deportistas y, por supuesto, nos referiremos a aquellos que hoy contin\u00faan tray\u00e9ndonos las alegr\u00edas y las emociones que ayer nos hicieron vibrar el alma y contribuyeron a endulzarnos la existencia.<\/p>\n<p>Se destacar\u00e1n, pues, en esta p\u00e1gina los hechos deportivos y a las personas que se han distinguido en nuestro deporte.<\/p>\n<p>Inevitablemente, nuestros referentes tienen un componente nost\u00e1lgico.<\/p>\n<p>Es decir, que dado el car\u00e1cter estrictamente personal\u00edsimo de este blog, solo exaltaremos los hechos y a las personas que nos traen esos buenos recuerdos que tanto nutren nuestra sensibilidad y la visi\u00f3n positiva que tenemos de la vida o a aquellos que, por una raz\u00f3n u otra, son destinatarios de nuestra admiraci\u00f3n y afecto.<\/p>\n<p>\u00a1Bienvenidos!<\/p>\n<p>___________<\/p>\n<p>&nbsp;<\/p>\n<p><em>[<strong>ILUSTRACI\u00d3N<\/strong>: Fotograf\u00eda en blanco y negro del recordado ciclista santandereano Severo Hern\u00e1ndez Tarazona tomada en los a\u00f1os 60].<\/em><\/p>\n<h2>Archivo de entradas<\/h2>\n<ul><li><a href=\"https:\/\/oscarhumbertogomez.com\/?p=45238\">Olga Luc\u00eda De Angulo, la sirenita de los 60. Por \u00d3scar Humberto G\u00f3mez G\u00f3mez<\/a><\/li><li><a href=\"https:\/\/oscarhumbertogomez.com\/?p=28871\">LA SIRENITA. Por El \u00daltimo Guane<\/a><\/li><li><a href=\"https:\/\/oscarhumbertogomez.com\/?p=22822\">A NUESTROS CICLISTAS. Por: \u00d3scar Humberto G\u00f3mez G\u00f3mez, Miembro del Colegio Nacional de Periodistas (CNP)<\/a><\/li><li><a href=\"https:\/\/oscarhumbertogomez.com\/?p=41924\">A SEVERO HERN\u00c1NDEZ. Por \u00d3scar Humberto G\u00f3mez G\u00f3mez<\/a><\/li><li><a href=\"https:\/\/oscarhumbertogomez.com\/?p=16539\">A ROBERTO. [Soneto]. Por: \u00d3scar Humberto G\u00f3mez G\u00f3mez<\/a><\/li><li><a href=\"https:\/\/oscarhumbertogomez.com\/?p=19999\">SANTANDER, UNA TIERRA Y UN PUEBLO EXCLUIDOS DE LA HISTORIA. Por \u00d3scar Humberto G\u00f3mez G\u00f3mez, Miembro Correspondiente de la Academia de Historia de Santander<\/a><\/li><li><a href=\"https:\/\/oscarhumbertogomez.com\/?p=15321\">ROBERTO PABLO JANIOT.  Por \u00d3scar Humberto G\u00f3mez G\u00f3mez<\/a><\/li><\/ul>\n<p>&nbsp;<\/p>\n","protected":false},"excerpt":{"rendered":"<p>&nbsp; \u00a1Hola amigas y amigos! Esta es la p\u00e1gina deportiva de nuestro portal. En ella, y de acuerdo con el esp\u00edritu general del web site, haremos memoria de nuestros deportistas y, por supuesto, nos referiremos a aquellos que hoy contin\u00faan &hellip; <a href=\"https:\/\/oscarhumbertogomez.com\/?page_id=23424\">Sigue leyendo <span class=\"meta-nav\">&rarr;<\/span><\/a><\/p>\n<div class='heateorSssClear'><\/div><div  class='heateor_sss_sharing_container heateor_sss_horizontal_sharing' heateor-sss-data-href='https:\/\/oscarhumbertogomez.com\/?page_id=23424'><div class='heateor_sss_sharing_title' style=\"font-weight:bold\" >\u00a1Gracias por compartirla!<\/div><ul class=\"heateor_sss_sharing_ul\"><li class=\"heateorSssSharingRound\"><i style=\"width:35px;height:35px;border-radius:999px;\" alt=\"Facebook\" Title=\"Facebook\" class=\"heateorSssSharing heateorSssFacebookBackground\" onclick='heateorSssPopup(\"https:\/\/www.facebook.com\/sharer\/sharer.php?u=https%3A%2F%2Foscarhumbertogomez.com%2Findex.php%3Frest_route%3D%252Fwp%252Fv2%252Fpages%252F23424\")'><ss style=\"display:block;border-radius:999px;\" class=\"heateorSssSharingSvg heateorSssFacebookSvg\"><\/ss><\/i><\/li><li class=\"heateorSssSharingRound\"><i style=\"width:35px;height:35px;border-radius:999px;\" alt=\"Twitter\" Title=\"Twitter\" class=\"heateorSssSharing heateorSssTwitterBackground\" onclick='heateorSssPopup(\"http:\/\/twitter.com\/intent\/tweet?text=Deporte&url=https%3A%2F%2Foscarhumbertogomez.com%2Findex.php%3Frest_route%3D%252Fwp%252Fv2%252Fpages%252F23424\")'><ss style=\"display:block;border-radius:999px;\" class=\"heateorSssSharingSvg heateorSssTwitterSvg\"><\/ss><\/i><\/li><li class=\"heateorSssSharingRound\"><i style=\"width:35px;height:35px;border-radius:999px;\" alt=\"Whatsapp\" Title=\"Whatsapp\" class=\"heateorSssSharing heateorSssWhatsappBackground\" onclick='heateorSssPopup(\"https:\/\/web.whatsapp.com\/send?text=Deporte https%3A%2F%2Foscarhumbertogomez.com%2Findex.php%3Frest_route%3D%252Fwp%252Fv2%252Fpages%252F23424\")'><ss style=\"display:block\" class=\"heateorSssSharingSvg heateorSssWhatsappSvg\"><\/ss><\/i><\/li><li class=\"heateorSssSharingRound\"><i style=\"width:35px;height:35px;border-radius:999px;\" alt=\"Pinterest\" Title=\"Pinterest\" class=\"heateorSssSharing heateorSssPinterestBackground\" onclick=\"javascript:void( (function() {var e=document.createElement('script' );e.setAttribute('type','text\/javascript' );e.setAttribute('charset','UTF-8' );e.setAttribute('src','\/\/assets.pinterest.com\/js\/pinmarklet.js?r='+Math.random()*99999999);document.body.appendChild(e)})());\"><ss style=\"display:block;border-radius:999px;\" class=\"heateorSssSharingSvg heateorSssPinterestSvg\"><\/ss><\/i><\/li><li class=\"heateorSssSharingRound\"><i style=\"width:35px;height:35px;border-radius:999px;\" alt=\"Google Gmail\" Title=\"Google Gmail\" class=\"heateorSssSharing heateorSssGoogleGmailBackground\" onclick='heateorSssPopup(\"https:\/\/mail.google.com\/mail\/?ui=2&view=cm&fs=1&tf=1&su=Deporte&body=Link:https%3A%2F%2Foscarhumbertogomez.com%2Findex.php%3Frest_route%3D%252Fwp%252Fv2%252Fpages%252F23424\")'><ss style=\"display:block;border-radius:999px;\" class=\"heateorSssSharingSvg heateorSssGoogleGmailSvg\"><\/ss><\/i><\/li><li class=\"heateorSssSharingRound\"><i style=\"width:35px;height:35px;border-radius:999px;\" title=\"More\" alt=\"More\" class=\"heateorSssSharing heateorSssMoreBackground\" onclick=\"heateorSssMoreSharingPopup(this, 'https:\/\/oscarhumbertogomez.com\/index.php?rest_route=%2Fwp%2Fv2%2Fpages%2F23424', 'Deporte', '' )\" ><ss style=\"display:block\" class=\"heateorSssSharingSvg heateorSssMoreSvg\"><\/ss><\/i><\/li><\/ul><div class=\"heateorSssClear\"><\/div><\/div><div class='heateorSssClear'><\/div>","protected":false},"author":2,"featured_media":0,"parent":0,"menu_order":0,"comment_status":"closed","ping_status":"closed","template":"","meta":{"spay_email":"","footnotes":""},"class_list":["post-23424","page","type-page","status-publish","hentry"],"jetpack_shortlink":"https:\/\/wp.me\/P1FYrr-65O","_links":{"self":[{"href":"https:\/\/oscarhumbertogomez.com\/index.php?rest_route=\/wp\/v2\/pages\/23424","targetHints":{"allow":["GET"]}}],"collection":[{"href":"https:\/\/oscarhumbertogomez.com\/index.php?rest_route=\/wp\/v2\/pages"}],"about":[{"href":"https:\/\/oscarhumbertogomez.com\/index.php?rest_route=\/wp\/v2\/types\/page"}],"author":[{"embeddable":true,"href":"https:\/\/oscarhumbertogomez.com\/index.php?rest_route=\/wp\/v2\/users\/2"}],"replies":[{"embeddable":true,"href":"https:\/\/oscarhumbertogomez.com\/index.php?rest_route=%2Fwp%2Fv2%2Fcomments&post=23424"}],"version-history":[{"count":6,"href":"https:\/\/oscarhumbertogomez.com\/index.php?rest_route=\/wp\/v2\/pages\/23424\/revisions"}],"predecessor-version":[{"id":52738,"href":"https:\/\/oscarhumbertogomez.com\/index.php?rest_route=\/wp\/v2\/pages\/23424\/revisions\/52738"}],"wp:attachment":[{"href":"https:\/\/oscarhumbertogomez.com\/index.php?rest_route=%2Fwp%2Fv2%2Fmedia&parent=23424"}],"curies":[{"name":"wp","href":"https:\/\/api.w.org\/{rel}","templated":true}]}}