{"id":28144,"date":"2018-12-29T14:48:02","date_gmt":"2018-12-29T19:48:02","guid":{"rendered":"http:\/\/www.oscarhumbertogomez.com\/?page_id=28144"},"modified":"2025-03-24T11:42:47","modified_gmt":"2025-03-24T16:42:47","slug":"psicologia","status":"publish","type":"page","link":"https:\/\/oscarhumbertogomez.com\/?page_id=28144","title":{"rendered":"Psicolog\u00eda"},"content":{"rendered":"<div id=\"attachment_28145\" style=\"width: 650px\" class=\"wp-caption alignnone\"><a href=\"https:\/\/lapiedrafilosofal.com\/wp-content\/uploads\/2018\/12\/Mercedes-Rodrigo.png\"><img loading=\"lazy\" decoding=\"async\" aria-describedby=\"caption-attachment-28145\" class=\"size-large wp-image-28145\" src=\"https:\/\/lapiedrafilosofal.com\/wp-content\/uploads\/2018\/12\/Mercedes-Rodrigo-809x1024.png\" alt=\"\" width=\"640\" height=\"810\" srcset=\"https:\/\/oscarhumbertogomez.com\/wp-content\/uploads\/2018\/12\/Mercedes-Rodrigo-809x1024.png 809w, https:\/\/oscarhumbertogomez.com\/wp-content\/uploads\/2018\/12\/Mercedes-Rodrigo-237x300.png 237w, https:\/\/oscarhumbertogomez.com\/wp-content\/uploads\/2018\/12\/Mercedes-Rodrigo-768x972.png 768w, https:\/\/oscarhumbertogomez.com\/wp-content\/uploads\/2018\/12\/Mercedes-Rodrigo.png 999w\" sizes=\"auto, (max-width: 640px) 100vw, 640px\" \/><\/a><p id=\"caption-attachment-28145\" class=\"wp-caption-text\">La psic\u00f3loga MERCEDES RODRIGO fue la primera mujer espa\u00f1ola graduada como psic\u00f3loga \u2014tuvo que estudiarla en Suiza, pues en Espa\u00f1a esa carrera no exist\u00eda\u2014 y fue quien fund\u00f3 la carrera de Psicolog\u00eda en Colombia (Ilustraci\u00f3n de Pedro Jes\u00fas Vargas Cordero)<\/p><\/div>\n<p>&nbsp;<\/p>\n<p>Esta secci\u00f3n de nuestro portal ha sido abierta para destacar en ella los avances que, desde tiempos inmemoriales, se han registrado en el devenir hist\u00f3rico de la Psicolog\u00eda.<\/p>\n<p>Tambi\u00e9n, para rememorar los hechos que han puesto en evidencia la grandeza de los psic\u00f3logos y el car\u00e1cter elevado y humano que siempre debe tener la Psicolog\u00eda.<\/p>\n<p>As\u00ed mismo, para exaltar a los santandereanos que, dentro de nuestra tierra o fuera de ella, hicieron o siguen haciendo de la Psicolog\u00eda una profesi\u00f3n ejercida con decoro, dignidad, altruismo y verdadera vocaci\u00f3n cient\u00edfica.<\/p>\n<p>Por supuesto, tambi\u00e9n se dar\u00e1n a conocer hechos y situaciones que, por el contrario, han desdorado esa noble e important\u00edsima profesi\u00f3n.<\/p>\n<p>&nbsp;<\/p>\n<h2>Archivo de entradas<\/h2>\n<p>&nbsp;<br \/>\n<ul><li><a href=\"https:\/\/oscarhumbertogomez.com\/?p=54400\">La Universidad Pontificia Bolivariana confiri\u00f3 a Manuel Fernando Mart\u00ednez Bautista el t\u00edtulo de psic\u00f3logo cl\u00ednico. Por \u00d3scar Humberto G\u00f3mez G\u00f3mez<\/a><\/li><li><a href=\"https:\/\/oscarhumbertogomez.com\/?p=22412\">LA GUERRA CIVIL ESPA\u00d1OLA Y LOS ALBORES DE LA PSICOLOG\u00cdA EN COLOMBIA. [Informe especial. Cap\u00edtulo VI]. Por \u00d3scar Humberto G\u00f3mez G\u00f3mez, Miembro de N\u00famero de la Academia de Historia de Santander y Miembro del Colegio Nacional de Periodistas<\/a><\/li><li><a href=\"https:\/\/oscarhumbertogomez.com\/?p=22528\">LA GUERRA CIVIL ESPA\u00d1OLA Y LOS ALBORES DE LA PSICOLOG\u00cdA EN COLOMBIA.  [Informe especial. Cap\u00edtulo V]. Por \u00d3scar Humberto G\u00f3mez G\u00f3mez, Miembro de N\u00famero de la Academia de Historia de Santander y Miembro del Colegio Nacional de Periodistas<\/a><\/li><li><a href=\"https:\/\/oscarhumbertogomez.com\/?p=22459\">LA GUERRA CIVIL ESPA\u00d1OLA Y LOS ALBORES DE LA PSICOLOG\u00cdA EN COLOMBIA.  [Informe especial. Cap\u00edtulo IV]. Por \u00d3scar Humberto G\u00f3mez G\u00f3mez, Miembro de N\u00famero de la Academia de Historia de Santander y Miembro del Colegio Nacional de Periodistas<\/a><\/li><li><a href=\"https:\/\/oscarhumbertogomez.com\/?p=22242\">LA GUERRA CIVIL ESPA\u00d1OLA Y LOS ALBORES DE LA PSICOLOG\u00cdA EN COLOMBIA.  [Informe especial. Cap\u00edtulo III]. Por \u00d3scar Humberto G\u00f3mez G\u00f3mez, Miembro de N\u00famero de la Academia de Historia de Santander y Miembro del Colegio Nacional de Periodistas<\/a><\/li><li><a href=\"https:\/\/oscarhumbertogomez.com\/?p=22086\">LA GUERRA CIVIL ESPA\u00d1OLA Y LOS ALBORES DE LA PSICOLOG\u00cdA EN COLOMBIA.  [Informe especial. Cap\u00edtulo II]. Por \u00d3scar Humberto G\u00f3mez G\u00f3mez, Miembro de N\u00famero de la Academia de Historia de Santander y Miembro del Colegio Nacional de Periodistas<\/a><\/li><li><a href=\"https:\/\/oscarhumbertogomez.com\/?p=21837\">LA GUERRA CIVIL ESPA\u00d1OLA Y LOS ALBORES DE LA PSICOLOG\u00cdA EN COLOMBIA.  [Informe especial. Cap\u00edtulo I]. Por \u00d3scar Humberto G\u00f3mez G\u00f3mez, Miembro de N\u00famero de la Academia de Historia de Santander y Miembro del Colegio Nacional de Periodistas<\/a><\/li><li><a href=\"https:\/\/oscarhumbertogomez.com\/?p=8216\">LA UNIVERSIDAD PONTIFICIA BOLIVARIANA CONFIRI\u00d3 A ALEJANDRA ESTEFAN\u00cdA G\u00d3MEZ BLACKBURN EL T\u00cdTULO DE PSIC\u00d3LOGA. Por \u00d3scar Humberto G\u00f3mez G\u00f3mez<\/a><\/li><\/ul><\/p>\n<p>&nbsp;<\/p>\n","protected":false},"excerpt":{"rendered":"<p>&nbsp; Esta secci\u00f3n de nuestro portal ha sido abierta para destacar en ella los avances que, desde tiempos inmemoriales, se han registrado en el devenir hist\u00f3rico de la Psicolog\u00eda. Tambi\u00e9n, para rememorar los hechos que han puesto en evidencia la &hellip; <a href=\"https:\/\/oscarhumbertogomez.com\/?page_id=28144\">Sigue leyendo <span class=\"meta-nav\">&rarr;<\/span><\/a><\/p>\n<div class='heateorSssClear'><\/div><div  class='heateor_sss_sharing_container heateor_sss_horizontal_sharing' heateor-sss-data-href='https:\/\/oscarhumbertogomez.com\/?page_id=28144'><div class='heateor_sss_sharing_title' style=\"font-weight:bold\" >\u00a1Gracias por compartirla!<\/div><ul class=\"heateor_sss_sharing_ul\"><li class=\"heateorSssSharingRound\"><i style=\"width:35px;height:35px;border-radius:999px;\" alt=\"Facebook\" Title=\"Facebook\" class=\"heateorSssSharing heateorSssFacebookBackground\" onclick='heateorSssPopup(\"https:\/\/www.facebook.com\/sharer\/sharer.php?u=https%3A%2F%2Foscarhumbertogomez.com%2Findex.php%3Frest_route%3D%252Fwp%252Fv2%252Fpages%252F28144\")'><ss style=\"display:block;border-radius:999px;\" class=\"heateorSssSharingSvg heateorSssFacebookSvg\"><\/ss><\/i><\/li><li class=\"heateorSssSharingRound\"><i style=\"width:35px;height:35px;border-radius:999px;\" alt=\"Twitter\" Title=\"Twitter\" class=\"heateorSssSharing heateorSssTwitterBackground\" onclick='heateorSssPopup(\"http:\/\/twitter.com\/intent\/tweet?text=Psicolog%C3%ADa&url=https%3A%2F%2Foscarhumbertogomez.com%2Findex.php%3Frest_route%3D%252Fwp%252Fv2%252Fpages%252F28144\")'><ss style=\"display:block;border-radius:999px;\" class=\"heateorSssSharingSvg heateorSssTwitterSvg\"><\/ss><\/i><\/li><li class=\"heateorSssSharingRound\"><i style=\"width:35px;height:35px;border-radius:999px;\" alt=\"Whatsapp\" Title=\"Whatsapp\" class=\"heateorSssSharing heateorSssWhatsappBackground\" onclick='heateorSssPopup(\"https:\/\/web.whatsapp.com\/send?text=Psicolog%C3%ADa https%3A%2F%2Foscarhumbertogomez.com%2Findex.php%3Frest_route%3D%252Fwp%252Fv2%252Fpages%252F28144\")'><ss style=\"display:block\" class=\"heateorSssSharingSvg heateorSssWhatsappSvg\"><\/ss><\/i><\/li><li class=\"heateorSssSharingRound\"><i style=\"width:35px;height:35px;border-radius:999px;\" alt=\"Pinterest\" Title=\"Pinterest\" class=\"heateorSssSharing heateorSssPinterestBackground\" onclick=\"javascript:void( (function() {var e=document.createElement('script' );e.setAttribute('type','text\/javascript' );e.setAttribute('charset','UTF-8' );e.setAttribute('src','\/\/assets.pinterest.com\/js\/pinmarklet.js?r='+Math.random()*99999999);document.body.appendChild(e)})());\"><ss style=\"display:block;border-radius:999px;\" class=\"heateorSssSharingSvg heateorSssPinterestSvg\"><\/ss><\/i><\/li><li class=\"heateorSssSharingRound\"><i style=\"width:35px;height:35px;border-radius:999px;\" alt=\"Google Gmail\" Title=\"Google Gmail\" class=\"heateorSssSharing heateorSssGoogleGmailBackground\" onclick='heateorSssPopup(\"https:\/\/mail.google.com\/mail\/?ui=2&view=cm&fs=1&tf=1&su=Psicolog%C3%ADa&body=Link:https%3A%2F%2Foscarhumbertogomez.com%2Findex.php%3Frest_route%3D%252Fwp%252Fv2%252Fpages%252F28144\")'><ss style=\"display:block;border-radius:999px;\" class=\"heateorSssSharingSvg heateorSssGoogleGmailSvg\"><\/ss><\/i><\/li><li class=\"heateorSssSharingRound\"><i style=\"width:35px;height:35px;border-radius:999px;\" title=\"More\" alt=\"More\" class=\"heateorSssSharing heateorSssMoreBackground\" onclick=\"heateorSssMoreSharingPopup(this, 'https:\/\/oscarhumbertogomez.com\/index.php?rest_route=%2Fwp%2Fv2%2Fpages%2F28144', 'Psicolog%C3%ADa', '' )\" ><ss style=\"display:block\" class=\"heateorSssSharingSvg heateorSssMoreSvg\"><\/ss><\/i><\/li><\/ul><div class=\"heateorSssClear\"><\/div><\/div><div class='heateorSssClear'><\/div>","protected":false},"author":2,"featured_media":0,"parent":0,"menu_order":0,"comment_status":"closed","ping_status":"closed","template":"","meta":{"spay_email":"","footnotes":""},"class_list":["post-28144","page","type-page","status-publish","hentry"],"jetpack_shortlink":"https:\/\/wp.me\/P1FYrr-7jW","_links":{"self":[{"href":"https:\/\/oscarhumbertogomez.com\/index.php?rest_route=\/wp\/v2\/pages\/28144","targetHints":{"allow":["GET"]}}],"collection":[{"href":"https:\/\/oscarhumbertogomez.com\/index.php?rest_route=\/wp\/v2\/pages"}],"about":[{"href":"https:\/\/oscarhumbertogomez.com\/index.php?rest_route=\/wp\/v2\/types\/page"}],"author":[{"embeddable":true,"href":"https:\/\/oscarhumbertogomez.com\/index.php?rest_route=\/wp\/v2\/users\/2"}],"replies":[{"embeddable":true,"href":"https:\/\/oscarhumbertogomez.com\/index.php?rest_route=%2Fwp%2Fv2%2Fcomments&post=28144"}],"version-history":[{"count":5,"href":"https:\/\/oscarhumbertogomez.com\/index.php?rest_route=\/wp\/v2\/pages\/28144\/revisions"}],"predecessor-version":[{"id":52754,"href":"https:\/\/oscarhumbertogomez.com\/index.php?rest_route=\/wp\/v2\/pages\/28144\/revisions\/52754"}],"wp:attachment":[{"href":"https:\/\/oscarhumbertogomez.com\/index.php?rest_route=%2Fwp%2Fv2%2Fmedia&parent=28144"}],"curies":[{"name":"wp","href":"https:\/\/api.w.org\/{rel}","templated":true}]}}