{"id":28163,"date":"2018-12-29T20:43:42","date_gmt":"2018-12-30T01:43:42","guid":{"rendered":"http:\/\/www.oscarhumbertogomez.com\/?page_id=28163"},"modified":"2025-03-24T11:43:27","modified_gmt":"2025-03-24T16:43:27","slug":"arquitectura","status":"publish","type":"page","link":"https:\/\/oscarhumbertogomez.com\/?page_id=28163","title":{"rendered":"Arquitectura"},"content":{"rendered":"<div id=\"attachment_28165\" style=\"width: 974px\" class=\"wp-caption alignnone\"><a href=\"https:\/\/lapiedrafilosofal.com\/wp-content\/uploads\/2018\/12\/VITRUVIO-.jpg\"><img loading=\"lazy\" decoding=\"async\" aria-describedby=\"caption-attachment-28165\" class=\"size-full wp-image-28165\" src=\"https:\/\/lapiedrafilosofal.com\/wp-content\/uploads\/2018\/12\/VITRUVIO-.jpg\" alt=\"\" width=\"964\" height=\"631\" srcset=\"https:\/\/oscarhumbertogomez.com\/wp-content\/uploads\/2018\/12\/VITRUVIO-.jpg 964w, https:\/\/oscarhumbertogomez.com\/wp-content\/uploads\/2018\/12\/VITRUVIO--300x196.jpg 300w, https:\/\/oscarhumbertogomez.com\/wp-content\/uploads\/2018\/12\/VITRUVIO--768x503.jpg 768w\" sizes=\"auto, (max-width: 964px) 100vw, 964px\" \/><\/a><p id=\"caption-attachment-28165\" class=\"wp-caption-text\">VITRUVIO, PADRE DE LA ARQUITECTURA, Y LA PORTADA DE SU C\u00c9LEBRE TRATADO &#8220;DE ARCHITECTURA&#8221;, LIBRO X.<\/p><\/div>\n<p>&nbsp;<\/p>\n<p>Esta secci\u00f3n de nuestro portal ha sido abierta para poner de relieve en ella los avances que, desde tiempos inmemoriales, se han registrado en el devenir hist\u00f3rico de la Arquitectura.<\/p>\n<p>Tambi\u00e9n, para rememorar los hechos que han puesto en evidencia la grandeza de los arquitectos y el car\u00e1cter elevado y humano que siempre debe tener la Arquitectura.<\/p>\n<p>As\u00ed mismo, para exaltar a los santandereanos que, dentro de nuestra tierra o fuera de ella, hicieron o siguen haciendo de la Arquitectura una profesi\u00f3n ejercida con decoro, dignidad, altruismo y verdadera vocaci\u00f3n cient\u00edfica.<\/p>\n<p>Por supuesto, tambi\u00e9n se dar\u00e1n a conocer hechos y situaciones que, por el contrario, han desdorado esa noble e important\u00edsima profesi\u00f3n.<\/p>\n<p>&nbsp;<\/p>\n<h2>Archivo de entradas<\/h2>\n<p>&nbsp;<br \/>\n<ul><li><a href=\"https:\/\/oscarhumbertogomez.com\/?p=34410\">'LOS VEST\u00cdBULOS DE HIGEA', \"Proyecto Destacado\" en el \"Reto COVID-19. Arquitectura por la vida\". Por \u00d3scar Humberto G\u00f3mez G\u00f3mez, Miembro del Colegio Nacional de Periodistas<\/a><\/li><li><a href=\"https:\/\/oscarhumbertogomez.com\/?p=30734\">MUESTRA DE LA BIENAL COLOMBIANA DE ARQUITECTURA REALIZA A PARTIR DE MA\u00d1ANA EN LA PLAZA GAL\u00c1N LA SOCIEDAD COLOMBIANA DE ARQUITECTOS<\/a><\/li><li><a href=\"https:\/\/oscarhumbertogomez.com\/?p=23727\">PLENA ACOGIDA ENTRE LOS ESTUDIANTES DE ARQUITECTURA TUVO LA CONFERENCIA \"LAS VICISITUDES DE LA ARQUITECTURA NACIONAL EN LA CONVULSIONADA HISTORIA DE COLOMBIA\" dictada en la Academia de Historia de Santander por \u00d3scar Humberto G\u00f3mez G\u00f3mez<\/a><\/li><li><a href=\"https:\/\/oscarhumbertogomez.com\/?p=23559\">A\u00f1o 1855: THOMAS REED, FRUSTRADO, SE VA DE COLOMBIA PARA SIEMPRE \/\/ \"LAS VICISITUDES DE LA ARQUITECTURA NACIONAL EN LA CONVULSIONADA HISTORIA DE COLOMBIA\". Casa de Bol\u00edvar, jueves 21 de septiembre de 2017, 6:30 p.m.<\/a><\/li><li><a href=\"https:\/\/oscarhumbertogomez.com\/?p=23554\">A\u00f1os 1940. LE CORBUSIER LLEGA A BOGOT\u00c1. \"LAS VICISITUDES DE LA ARQUITECTURA NACIONAL EN LA CONVULSIONADA HISTORIA DE COLOMBIA\". Casa de Bol\u00edvar, jueves 21 de septiembre de 2017, 6:30 p.m.<\/a><\/li><li><a href=\"https:\/\/oscarhumbertogomez.com\/?p=23308\">La Academia de Historia de Santander ofrece la conferencia de \u00d3scar Humberto G\u00f3mez G\u00f3mez \"LAS VICISITUDES DE LA ARQUITECTURA NACIONAL EN LA CONVULSIONADA HISTORIA DE COLOMBIA\". Casa de Bol\u00edvar. Jueves 21 de septiembre de 2017, 6:30 p.m.<\/a><\/li><li><a href=\"https:\/\/oscarhumbertogomez.com\/?p=17726\">SERGIO ANDR\u00c9S G\u00d3MEZ, NUEVO ARQUITECTO DE LA UNIVERSIDAD DE LOS ANDES<\/a><\/li><\/ul><\/p>\n<p>&nbsp;<\/p>\n","protected":false},"excerpt":{"rendered":"<p>&nbsp; Esta secci\u00f3n de nuestro portal ha sido abierta para poner de relieve en ella los avances que, desde tiempos inmemoriales, se han registrado en el devenir hist\u00f3rico de la Arquitectura. Tambi\u00e9n, para rememorar los hechos que han puesto en &hellip; <a href=\"https:\/\/oscarhumbertogomez.com\/?page_id=28163\">Sigue leyendo <span class=\"meta-nav\">&rarr;<\/span><\/a><\/p>\n<div class='heateorSssClear'><\/div><div  class='heateor_sss_sharing_container heateor_sss_horizontal_sharing' heateor-sss-data-href='https:\/\/oscarhumbertogomez.com\/?page_id=28163'><div class='heateor_sss_sharing_title' style=\"font-weight:bold\" >\u00a1Gracias por compartirla!<\/div><ul class=\"heateor_sss_sharing_ul\"><li class=\"heateorSssSharingRound\"><i style=\"width:35px;height:35px;border-radius:999px;\" alt=\"Facebook\" Title=\"Facebook\" class=\"heateorSssSharing heateorSssFacebookBackground\" onclick='heateorSssPopup(\"https:\/\/www.facebook.com\/sharer\/sharer.php?u=https%3A%2F%2Foscarhumbertogomez.com%2Findex.php%3Frest_route%3D%252Fwp%252Fv2%252Fpages%252F28163\")'><ss style=\"display:block;border-radius:999px;\" class=\"heateorSssSharingSvg heateorSssFacebookSvg\"><\/ss><\/i><\/li><li class=\"heateorSssSharingRound\"><i style=\"width:35px;height:35px;border-radius:999px;\" alt=\"Twitter\" Title=\"Twitter\" class=\"heateorSssSharing heateorSssTwitterBackground\" onclick='heateorSssPopup(\"http:\/\/twitter.com\/intent\/tweet?text=Arquitectura&url=https%3A%2F%2Foscarhumbertogomez.com%2Findex.php%3Frest_route%3D%252Fwp%252Fv2%252Fpages%252F28163\")'><ss style=\"display:block;border-radius:999px;\" class=\"heateorSssSharingSvg heateorSssTwitterSvg\"><\/ss><\/i><\/li><li class=\"heateorSssSharingRound\"><i style=\"width:35px;height:35px;border-radius:999px;\" alt=\"Whatsapp\" Title=\"Whatsapp\" class=\"heateorSssSharing heateorSssWhatsappBackground\" onclick='heateorSssPopup(\"https:\/\/web.whatsapp.com\/send?text=Arquitectura https%3A%2F%2Foscarhumbertogomez.com%2Findex.php%3Frest_route%3D%252Fwp%252Fv2%252Fpages%252F28163\")'><ss style=\"display:block\" class=\"heateorSssSharingSvg heateorSssWhatsappSvg\"><\/ss><\/i><\/li><li class=\"heateorSssSharingRound\"><i style=\"width:35px;height:35px;border-radius:999px;\" alt=\"Pinterest\" Title=\"Pinterest\" class=\"heateorSssSharing heateorSssPinterestBackground\" onclick=\"javascript:void( (function() {var e=document.createElement('script' );e.setAttribute('type','text\/javascript' );e.setAttribute('charset','UTF-8' );e.setAttribute('src','\/\/assets.pinterest.com\/js\/pinmarklet.js?r='+Math.random()*99999999);document.body.appendChild(e)})());\"><ss style=\"display:block;border-radius:999px;\" class=\"heateorSssSharingSvg heateorSssPinterestSvg\"><\/ss><\/i><\/li><li class=\"heateorSssSharingRound\"><i style=\"width:35px;height:35px;border-radius:999px;\" alt=\"Google Gmail\" Title=\"Google Gmail\" class=\"heateorSssSharing heateorSssGoogleGmailBackground\" onclick='heateorSssPopup(\"https:\/\/mail.google.com\/mail\/?ui=2&view=cm&fs=1&tf=1&su=Arquitectura&body=Link:https%3A%2F%2Foscarhumbertogomez.com%2Findex.php%3Frest_route%3D%252Fwp%252Fv2%252Fpages%252F28163\")'><ss style=\"display:block;border-radius:999px;\" class=\"heateorSssSharingSvg heateorSssGoogleGmailSvg\"><\/ss><\/i><\/li><li class=\"heateorSssSharingRound\"><i style=\"width:35px;height:35px;border-radius:999px;\" title=\"More\" alt=\"More\" class=\"heateorSssSharing heateorSssMoreBackground\" onclick=\"heateorSssMoreSharingPopup(this, 'https:\/\/oscarhumbertogomez.com\/index.php?rest_route=%2Fwp%2Fv2%2Fpages%2F28163', 'Arquitectura', '' )\" ><ss style=\"display:block\" class=\"heateorSssSharingSvg heateorSssMoreSvg\"><\/ss><\/i><\/li><\/ul><div class=\"heateorSssClear\"><\/div><\/div><div class='heateorSssClear'><\/div>","protected":false},"author":2,"featured_media":0,"parent":0,"menu_order":0,"comment_status":"closed","ping_status":"closed","template":"","meta":{"spay_email":"","footnotes":""},"class_list":["post-28163","page","type-page","status-publish","hentry"],"jetpack_shortlink":"https:\/\/wp.me\/P1FYrr-7kf","_links":{"self":[{"href":"https:\/\/oscarhumbertogomez.com\/index.php?rest_route=\/wp\/v2\/pages\/28163","targetHints":{"allow":["GET"]}}],"collection":[{"href":"https:\/\/oscarhumbertogomez.com\/index.php?rest_route=\/wp\/v2\/pages"}],"about":[{"href":"https:\/\/oscarhumbertogomez.com\/index.php?rest_route=\/wp\/v2\/types\/page"}],"author":[{"embeddable":true,"href":"https:\/\/oscarhumbertogomez.com\/index.php?rest_route=\/wp\/v2\/users\/2"}],"replies":[{"embeddable":true,"href":"https:\/\/oscarhumbertogomez.com\/index.php?rest_route=%2Fwp%2Fv2%2Fcomments&post=28163"}],"version-history":[{"count":5,"href":"https:\/\/oscarhumbertogomez.com\/index.php?rest_route=\/wp\/v2\/pages\/28163\/revisions"}],"predecessor-version":[{"id":52755,"href":"https:\/\/oscarhumbertogomez.com\/index.php?rest_route=\/wp\/v2\/pages\/28163\/revisions\/52755"}],"wp:attachment":[{"href":"https:\/\/oscarhumbertogomez.com\/index.php?rest_route=%2Fwp%2Fv2%2Fmedia&parent=28163"}],"curies":[{"name":"wp","href":"https:\/\/api.w.org\/{rel}","templated":true}]}}