{"id":28190,"date":"2018-12-30T07:52:37","date_gmt":"2018-12-30T12:52:37","guid":{"rendered":"http:\/\/www.oscarhumbertogomez.com\/?page_id=28190"},"modified":"2025-03-24T11:46:33","modified_gmt":"2025-03-24T16:46:33","slug":"ingenieria","status":"publish","type":"page","link":"https:\/\/oscarhumbertogomez.com\/?page_id=28190","title":{"rendered":"Ingenier\u00eda"},"content":{"rendered":"<p><img loading=\"lazy\" decoding=\"async\" class=\"aligncenter size-full wp-image-31847\" src=\"https:\/\/lapiedrafilosofal.com\/wp-content\/uploads\/2018\/12\/Ruperto-Ferreira-Gomez.jpg\" alt=\"\" width=\"225\" height=\"274\"><\/p>\n<p>&nbsp;<\/p>\n<p>Esta secci\u00f3n de nuestro portal ha sido abierta para realzar en ella los avances que, desde tiempos inmemoriales, se han registrado en el devenir hist\u00f3rico de la Ingenier\u00eda.<\/p>\n<p>&nbsp;<\/p>\n<p><a href=\"https:\/\/lapiedrafilosofal.com\/wp-content\/uploads\/2018\/12\/electronica.jpg\"><img loading=\"lazy\" decoding=\"async\" class=\"alignnone size-full wp-image-28194\" src=\"https:\/\/lapiedrafilosofal.com\/wp-content\/uploads\/2018\/12\/electronica.jpg\" alt=\"\" width=\"675\" height=\"514\" srcset=\"https:\/\/oscarhumbertogomez.com\/wp-content\/uploads\/2018\/12\/electronica.jpg 675w, https:\/\/oscarhumbertogomez.com\/wp-content\/uploads\/2018\/12\/electronica-300x228.jpg 300w\" sizes=\"auto, (max-width: 675px) 100vw, 675px\" \/><\/a><\/p>\n<p>&nbsp;<\/p>\n<p>Tambi\u00e9n, los hechos que han puesto en evidencia la grandeza de los ingenieros y el car\u00e1cter elevado y humano que siempre debe tener la Ingenier\u00eda.<\/p>\n<p>&nbsp;<\/p>\n<p><a href=\"https:\/\/lapiedrafilosofal.com\/wp-content\/uploads\/2018\/12\/INGENIERIA-ELECTRICA.jpg\"><img loading=\"lazy\" decoding=\"async\" class=\"alignnone size-full wp-image-28202\" src=\"https:\/\/lapiedrafilosofal.com\/wp-content\/uploads\/2018\/12\/INGENIERIA-ELECTRICA.jpg\" alt=\"\" width=\"765\" height=\"390\" srcset=\"https:\/\/oscarhumbertogomez.com\/wp-content\/uploads\/2018\/12\/INGENIERIA-ELECTRICA.jpg 765w, https:\/\/oscarhumbertogomez.com\/wp-content\/uploads\/2018\/12\/INGENIERIA-ELECTRICA-300x153.jpg 300w\" sizes=\"auto, (max-width: 765px) 100vw, 765px\" \/><\/a><\/p>\n<p>&nbsp;<\/p>\n<p>As\u00ed mismo, a los santandereanos que, dentro de nuestra tierra o fuera de ella, hicieron o siguen haciendo de la Ingenier\u00eda una profesi\u00f3n ejercida con decoro, dignidad, altruismo y verdadera vocaci\u00f3n cient\u00edfica.<\/p>\n<p>&nbsp;<\/p>\n<p><a href=\"https:\/\/lapiedrafilosofal.com\/wp-content\/uploads\/2018\/12\/COMPUTACION.jpg\"><img loading=\"lazy\" decoding=\"async\" class=\"alignnone size-full wp-image-28196\" src=\"https:\/\/lapiedrafilosofal.com\/wp-content\/uploads\/2018\/12\/COMPUTACION.jpg\" alt=\"\" width=\"840\" height=\"629\" srcset=\"https:\/\/oscarhumbertogomez.com\/wp-content\/uploads\/2018\/12\/COMPUTACION.jpg 840w, https:\/\/oscarhumbertogomez.com\/wp-content\/uploads\/2018\/12\/COMPUTACION-300x225.jpg 300w, https:\/\/oscarhumbertogomez.com\/wp-content\/uploads\/2018\/12\/COMPUTACION-768x575.jpg 768w\" sizes=\"auto, (max-width: 840px) 100vw, 840px\" \/><\/a><\/p>\n<p>&nbsp;<\/p>\n<p>Por supuesto, tambi\u00e9n se dar\u00e1n a conocer hechos y situaciones que, por el contrario, han desdorado esa noble e important\u00edsima profesi\u00f3n.<\/p>\n<p>&nbsp;<\/p>\n<p><a href=\"https:\/\/lapiedrafilosofal.com\/wp-content\/uploads\/2018\/12\/electronica-2.jpg\"><img loading=\"lazy\" decoding=\"async\" class=\"alignnone size-full wp-image-28198\" src=\"https:\/\/lapiedrafilosofal.com\/wp-content\/uploads\/2018\/12\/electronica-2.jpg\" alt=\"\" width=\"720\" height=\"440\" srcset=\"https:\/\/oscarhumbertogomez.com\/wp-content\/uploads\/2018\/12\/electronica-2.jpg 720w, https:\/\/oscarhumbertogomez.com\/wp-content\/uploads\/2018\/12\/electronica-2-300x183.jpg 300w\" sizes=\"auto, (max-width: 720px) 100vw, 720px\" \/><\/a><\/p>\n<p>&nbsp;<\/p>\n<p>Desde luego, aunque la Ingenier\u00eda es, en el fondo, una sola, la complejidad de las \u00e1reas que aborda ha impuesto su ramificaci\u00f3n en Ingenier\u00eda Civil (que incluye la Ingenier\u00eda Hidr\u00e1ulica), Ingenier\u00eda Mec\u00e1nica, Ingenier\u00eda El\u00e9ctrica, Ingenier\u00eda Electr\u00f3nica, Ingenier\u00eda de Sistemas, Ingenier\u00eda Industrial e Ingenier\u00eda de Minas y Petr\u00f3leos, entre otras.<\/p>\n<p>&nbsp;<\/p>\n<p><a href=\"https:\/\/lapiedrafilosofal.com\/wp-content\/uploads\/2018\/12\/INGENIERIA-CIVIL.jpg\"><img loading=\"lazy\" decoding=\"async\" class=\"alignnone size-large wp-image-28199\" src=\"https:\/\/lapiedrafilosofal.com\/wp-content\/uploads\/2018\/12\/INGENIERIA-CIVIL-1024x916.jpg\" alt=\"\" width=\"640\" height=\"573\" srcset=\"https:\/\/oscarhumbertogomez.com\/wp-content\/uploads\/2018\/12\/INGENIERIA-CIVIL-1024x916.jpg 1024w, https:\/\/oscarhumbertogomez.com\/wp-content\/uploads\/2018\/12\/INGENIERIA-CIVIL-300x269.jpg 300w, https:\/\/oscarhumbertogomez.com\/wp-content\/uploads\/2018\/12\/INGENIERIA-CIVIL-768x687.jpg 768w, https:\/\/oscarhumbertogomez.com\/wp-content\/uploads\/2018\/12\/INGENIERIA-CIVIL.jpg 1200w\" sizes=\"auto, (max-width: 640px) 100vw, 640px\" \/><\/a><\/p>\n<p>&nbsp;<\/p>\n<p>Para esta secci\u00f3n, todas ellas son importantes y tendr\u00e1n cabida aqu\u00ed art\u00edculos que se refieran a cualquiera de ellas.<\/p>\n<p>&nbsp;<\/p>\n<p><a href=\"https:\/\/lapiedrafilosofal.com\/wp-content\/uploads\/2018\/12\/INGENIERIA-DE-PETROLEOS.jpg\"><img loading=\"lazy\" decoding=\"async\" class=\"alignnone size-full wp-image-28200\" src=\"https:\/\/lapiedrafilosofal.com\/wp-content\/uploads\/2018\/12\/INGENIERIA-DE-PETROLEOS.jpg\" alt=\"\" width=\"940\" height=\"420\" srcset=\"https:\/\/oscarhumbertogomez.com\/wp-content\/uploads\/2018\/12\/INGENIERIA-DE-PETROLEOS.jpg 940w, https:\/\/oscarhumbertogomez.com\/wp-content\/uploads\/2018\/12\/INGENIERIA-DE-PETROLEOS-300x134.jpg 300w, https:\/\/oscarhumbertogomez.com\/wp-content\/uploads\/2018\/12\/INGENIERIA-DE-PETROLEOS-768x343.jpg 768w\" sizes=\"auto, (max-width: 940px) 100vw, 940px\" \/><\/a><\/p>\n<p>&nbsp;<\/p>\n<p>Igualmente, rese\u00f1aremos las vicisitudes que la Ingenier\u00eda ha tenido que pasar para llegar a ser lo que hoy es, desde las \u00e9pocas de la ingenier\u00eda emp\u00edrica, pasando por los a\u00f1os de confusi\u00f3n entre la Ingenier\u00eda y las carreras intermedias auxiliares de ella.<\/p>\n<p>&nbsp;<\/p>\n<p><a href=\"https:\/\/lapiedrafilosofal.com\/wp-content\/uploads\/2018\/12\/PROGRAMACION.jpg\"><img loading=\"lazy\" decoding=\"async\" class=\"alignnone size-large wp-image-28195\" src=\"https:\/\/lapiedrafilosofal.com\/wp-content\/uploads\/2018\/12\/PROGRAMACION-1024x683.jpg\" alt=\"\" width=\"640\" height=\"427\" srcset=\"https:\/\/oscarhumbertogomez.com\/wp-content\/uploads\/2018\/12\/PROGRAMACION-1024x683.jpg 1024w, https:\/\/oscarhumbertogomez.com\/wp-content\/uploads\/2018\/12\/PROGRAMACION-300x200.jpg 300w, https:\/\/oscarhumbertogomez.com\/wp-content\/uploads\/2018\/12\/PROGRAMACION-768x512.jpg 768w\" sizes=\"auto, (max-width: 640px) 100vw, 640px\" \/><\/a><\/p>\n<p>&nbsp;<\/p>\n<p><span style=\"color: #000080;\"><strong>FOTOGRAF\u00cdA DE INICIO:<\/strong><\/span> Ruperto Ferreira G\u00f3mez, primer ingeniero graduado en Colombia.<\/p>\n<p>&nbsp;<\/p>\n<p>h2&gt;Archivo de entradas<\/p>\n<p>&nbsp;<br \/>\n<ul><li><a href=\"https:\/\/oscarhumbertogomez.com\/?p=28205\">\u00bfSABEN USTEDES QUI\u00c9N FUE EL PRIMER INGENIERO GRADUADO EN COLOMBIA? Por \u00d3scar Humberto G\u00f3mez G\u00f3mez, Miembro Correspondiente de la Academia de Historia de Santander y Miembro del Colegio Nacional de Periodistas.<\/a><\/li><li><a href=\"https:\/\/oscarhumbertogomez.com\/?p=28228\">EL INGENIERO SANTANDEREANO \u00d3SCAR FERNANDO G\u00d3MEZ CREA NUEVO TUTORIAL<\/a><\/li><li><a href=\"https:\/\/oscarhumbertogomez.com\/?p=28230\">CONGRESO INTERNACIONAL EN LA UNAB \/\/ EL INGENIERO SANTANDEREANO \u00d3SCAR FERNANDO G\u00d3MEZ DICTA CONFERENCIA SOBRE \"WIKIPEDIA, EDUCACI\u00d3N Y LENGUAS\"<\/a><\/li><li><a href=\"https:\/\/oscarhumbertogomez.com\/?p=36958\">PETR\u00d3LEO. Por \u00d3scar Humberto G\u00f3mez G\u00f3mez *<\/a><\/li><\/ul><\/p>\n<p>&nbsp;<\/p>\n","protected":false},"excerpt":{"rendered":"<p>&nbsp; Esta secci\u00f3n de nuestro portal ha sido abierta para realzar en ella los avances que, desde tiempos inmemoriales, se han registrado en el devenir hist\u00f3rico de la Ingenier\u00eda. &nbsp; &nbsp; Tambi\u00e9n, los hechos que han puesto en evidencia la &hellip; <a href=\"https:\/\/oscarhumbertogomez.com\/?page_id=28190\">Sigue leyendo <span class=\"meta-nav\">&rarr;<\/span><\/a><\/p>\n<div class='heateorSssClear'><\/div><div  class='heateor_sss_sharing_container heateor_sss_horizontal_sharing' heateor-sss-data-href='https:\/\/oscarhumbertogomez.com\/?page_id=28190'><div class='heateor_sss_sharing_title' style=\"font-weight:bold\" >\u00a1Gracias por compartirla!<\/div><ul class=\"heateor_sss_sharing_ul\"><li class=\"heateorSssSharingRound\"><i style=\"width:35px;height:35px;border-radius:999px;\" alt=\"Facebook\" Title=\"Facebook\" class=\"heateorSssSharing heateorSssFacebookBackground\" onclick='heateorSssPopup(\"https:\/\/www.facebook.com\/sharer\/sharer.php?u=https%3A%2F%2Foscarhumbertogomez.com%2Findex.php%3Frest_route%3D%252Fwp%252Fv2%252Fpages%252F28190\")'><ss style=\"display:block;border-radius:999px;\" class=\"heateorSssSharingSvg heateorSssFacebookSvg\"><\/ss><\/i><\/li><li class=\"heateorSssSharingRound\"><i style=\"width:35px;height:35px;border-radius:999px;\" alt=\"Twitter\" Title=\"Twitter\" class=\"heateorSssSharing heateorSssTwitterBackground\" onclick='heateorSssPopup(\"http:\/\/twitter.com\/intent\/tweet?text=Ingenier%C3%ADa&url=https%3A%2F%2Foscarhumbertogomez.com%2Findex.php%3Frest_route%3D%252Fwp%252Fv2%252Fpages%252F28190\")'><ss style=\"display:block;border-radius:999px;\" class=\"heateorSssSharingSvg heateorSssTwitterSvg\"><\/ss><\/i><\/li><li class=\"heateorSssSharingRound\"><i style=\"width:35px;height:35px;border-radius:999px;\" alt=\"Whatsapp\" Title=\"Whatsapp\" class=\"heateorSssSharing heateorSssWhatsappBackground\" onclick='heateorSssPopup(\"https:\/\/web.whatsapp.com\/send?text=Ingenier%C3%ADa https%3A%2F%2Foscarhumbertogomez.com%2Findex.php%3Frest_route%3D%252Fwp%252Fv2%252Fpages%252F28190\")'><ss style=\"display:block\" class=\"heateorSssSharingSvg heateorSssWhatsappSvg\"><\/ss><\/i><\/li><li class=\"heateorSssSharingRound\"><i style=\"width:35px;height:35px;border-radius:999px;\" alt=\"Pinterest\" Title=\"Pinterest\" class=\"heateorSssSharing heateorSssPinterestBackground\" onclick=\"javascript:void( (function() {var e=document.createElement('script' );e.setAttribute('type','text\/javascript' );e.setAttribute('charset','UTF-8' );e.setAttribute('src','\/\/assets.pinterest.com\/js\/pinmarklet.js?r='+Math.random()*99999999);document.body.appendChild(e)})());\"><ss style=\"display:block;border-radius:999px;\" class=\"heateorSssSharingSvg heateorSssPinterestSvg\"><\/ss><\/i><\/li><li class=\"heateorSssSharingRound\"><i style=\"width:35px;height:35px;border-radius:999px;\" alt=\"Google Gmail\" Title=\"Google Gmail\" class=\"heateorSssSharing heateorSssGoogleGmailBackground\" onclick='heateorSssPopup(\"https:\/\/mail.google.com\/mail\/?ui=2&view=cm&fs=1&tf=1&su=Ingenier%C3%ADa&body=Link:https%3A%2F%2Foscarhumbertogomez.com%2Findex.php%3Frest_route%3D%252Fwp%252Fv2%252Fpages%252F28190\")'><ss style=\"display:block;border-radius:999px;\" class=\"heateorSssSharingSvg heateorSssGoogleGmailSvg\"><\/ss><\/i><\/li><li class=\"heateorSssSharingRound\"><i style=\"width:35px;height:35px;border-radius:999px;\" title=\"More\" alt=\"More\" class=\"heateorSssSharing heateorSssMoreBackground\" onclick=\"heateorSssMoreSharingPopup(this, 'https:\/\/oscarhumbertogomez.com\/index.php?rest_route=%2Fwp%2Fv2%2Fpages%2F28190', 'Ingenier%C3%ADa', '' )\" ><ss style=\"display:block\" class=\"heateorSssSharingSvg heateorSssMoreSvg\"><\/ss><\/i><\/li><\/ul><div class=\"heateorSssClear\"><\/div><\/div><div class='heateorSssClear'><\/div>","protected":false},"author":2,"featured_media":0,"parent":0,"menu_order":0,"comment_status":"closed","ping_status":"closed","template":"","meta":{"spay_email":"","footnotes":""},"class_list":["post-28190","page","type-page","status-publish","hentry"],"jetpack_shortlink":"https:\/\/wp.me\/P1FYrr-7kG","_links":{"self":[{"href":"https:\/\/oscarhumbertogomez.com\/index.php?rest_route=\/wp\/v2\/pages\/28190","targetHints":{"allow":["GET"]}}],"collection":[{"href":"https:\/\/oscarhumbertogomez.com\/index.php?rest_route=\/wp\/v2\/pages"}],"about":[{"href":"https:\/\/oscarhumbertogomez.com\/index.php?rest_route=\/wp\/v2\/types\/page"}],"author":[{"embeddable":true,"href":"https:\/\/oscarhumbertogomez.com\/index.php?rest_route=\/wp\/v2\/users\/2"}],"replies":[{"embeddable":true,"href":"https:\/\/oscarhumbertogomez.com\/index.php?rest_route=%2Fwp%2Fv2%2Fcomments&post=28190"}],"version-history":[{"count":5,"href":"https:\/\/oscarhumbertogomez.com\/index.php?rest_route=\/wp\/v2\/pages\/28190\/revisions"}],"predecessor-version":[{"id":52759,"href":"https:\/\/oscarhumbertogomez.com\/index.php?rest_route=\/wp\/v2\/pages\/28190\/revisions\/52759"}],"wp:attachment":[{"href":"https:\/\/oscarhumbertogomez.com\/index.php?rest_route=%2Fwp%2Fv2%2Fmedia&parent=28190"}],"curies":[{"name":"wp","href":"https:\/\/api.w.org\/{rel}","templated":true}]}}