{"id":9648,"date":"2013-08-31T15:24:29","date_gmt":"2013-08-31T20:24:29","guid":{"rendered":"http:\/\/www.oscarhumbertogomez.com\/?page_id=9648"},"modified":"2025-03-24T11:23:28","modified_gmt":"2025-03-24T16:23:28","slug":"libros","status":"publish","type":"page","link":"https:\/\/oscarhumbertogomez.com\/?page_id=9648","title":{"rendered":"Libros"},"content":{"rendered":"<p style=\"text-align: left;\"><img loading=\"lazy\" decoding=\"async\" class=\"aligncenter size-medium wp-image-263\" title=\"\" src=\"https:\/\/lapiedrafilosofal.com\/wp-content\/uploads\/2011\/06\/logo-editorial-03-13-300x300.jpg\" alt=\"LOGO DE LA CASA EDITORA LOS HERMANOS G\u00d3MEZ\" width=\"300\" height=\"300\" srcset=\"https:\/\/oscarhumbertogomez.com\/wp-content\/uploads\/2011\/06\/logo-editorial-03-13-300x300.jpg 300w, https:\/\/oscarhumbertogomez.com\/wp-content\/uploads\/2011\/06\/logo-editorial-03-13-150x150.jpg 150w, https:\/\/oscarhumbertogomez.com\/wp-content\/uploads\/2011\/06\/logo-editorial-03-13-1024x1024.jpg 1024w\" sizes=\"auto, (max-width: 300px) 100vw, 300px\" \/><\/p>\n<p>&nbsp;<\/p>\n<p>En esta secci\u00f3n, creada el s\u00e1bado 31 de agosto de 2013, haremos alusi\u00f3n a obras bibliogr\u00e1ficas, principalmente de Santander.<\/p>\n<p>&nbsp;<\/p>\n<p style=\"text-align: left;\"><img loading=\"lazy\" decoding=\"async\" class=\"aligncenter size-medium wp-image-263\" title=\"\" src=\"https:\/\/lapiedrafilosofal.com\/wp-content\/uploads\/2011\/06\/logo-editorial-03-13-300x300.jpg\" alt=\"LOGO DE LA CASA EDITORA LOS HERMANOS G\u00d3MEZ\" width=\"300\" height=\"300\" srcset=\"https:\/\/oscarhumbertogomez.com\/wp-content\/uploads\/2011\/06\/logo-editorial-03-13-300x300.jpg 300w, https:\/\/oscarhumbertogomez.com\/wp-content\/uploads\/2011\/06\/logo-editorial-03-13-150x150.jpg 150w, https:\/\/oscarhumbertogomez.com\/wp-content\/uploads\/2011\/06\/logo-editorial-03-13-1024x1024.jpg 1024w\" sizes=\"auto, (max-width: 300px) 100vw, 300px\" \/><\/p>\n<p>&nbsp;<\/p>\n<p>Con ella queremos complementar la lucha que, bajo nuestro propio sello, Casa Editora Los Hermanos G\u00f3mez, emprendimos en el a\u00f1o 2005 en pro de la dignificaci\u00f3n del libro, bajo el entendido de que este es una de las expresiones m\u00e1s representativas de la civilizaci\u00f3n y de la cultura.<br \/>\nEllo explica el por qu\u00e9 el logotipo de nuestra casa editora adorna esta secci\u00f3n del portal.<\/p>\n<p>&nbsp;<\/p>\n<p style=\"text-align: left;\"><img loading=\"lazy\" decoding=\"async\" class=\"aligncenter size-medium wp-image-263\" title=\"\" src=\"https:\/\/lapiedrafilosofal.com\/wp-content\/uploads\/2011\/06\/logo-editorial-03-13-300x300.jpg\" alt=\"LOGO DE LA CASA EDITORA LOS HERMANOS G\u00d3MEZ\" width=\"300\" height=\"300\" srcset=\"https:\/\/oscarhumbertogomez.com\/wp-content\/uploads\/2011\/06\/logo-editorial-03-13-300x300.jpg 300w, https:\/\/oscarhumbertogomez.com\/wp-content\/uploads\/2011\/06\/logo-editorial-03-13-150x150.jpg 150w, https:\/\/oscarhumbertogomez.com\/wp-content\/uploads\/2011\/06\/logo-editorial-03-13-1024x1024.jpg 1024w\" sizes=\"auto, (max-width: 300px) 100vw, 300px\" \/><\/p>\n<p>&nbsp;<\/p>\n<p>Nuestro logotipo fue dibujado por <strong>Pedro Jes\u00fas Vargas Cordero<\/strong> (c\u00f3mplice necesario de todas las aventuras en las que nos hemos embarcado en pro de la cultura) sobre una idea nuestra que pretend\u00eda fusionar los dos significados que tiene la expresi\u00f3n &#8220;elevar el libro&#8221;: el f\u00edsico (o literal) y el espiritual (o de mensaje).<\/p>\n<p>&nbsp;<\/p>\n<p style=\"text-align: left;\"><img loading=\"lazy\" decoding=\"async\" class=\"aligncenter size-medium wp-image-263\" title=\"\" src=\"https:\/\/lapiedrafilosofal.com\/wp-content\/uploads\/2011\/06\/logo-editorial-03-13-300x300.jpg\" alt=\"LOGO DE LA CASA EDITORA LOS HERMANOS G\u00d3MEZ\" width=\"300\" height=\"300\" srcset=\"https:\/\/oscarhumbertogomez.com\/wp-content\/uploads\/2011\/06\/logo-editorial-03-13-300x300.jpg 300w, https:\/\/oscarhumbertogomez.com\/wp-content\/uploads\/2011\/06\/logo-editorial-03-13-150x150.jpg 150w, https:\/\/oscarhumbertogomez.com\/wp-content\/uploads\/2011\/06\/logo-editorial-03-13-1024x1024.jpg 1024w\" sizes=\"auto, (max-width: 300px) 100vw, 300px\" \/><\/p>\n<p>&nbsp;<\/p>\n<p>El &#8220;libro-cometa&#8221; de Casa Editora Los Hermanos G\u00f3mez es elevado en el logotipo por los en aquel entonces ni\u00f1os \u00d3scar Fernando, Alejandra Estefan\u00eda, Sergio Andr\u00e9s, \u00c9dgar Leonardo y Paula Natalia G\u00f3mez.<\/p>\n<p>\u00a1Bienvenidos!<\/p>\n<p>Y ay\u00fadenos usted tambi\u00e9n a <strong>elevar el libro<\/strong>.<\/p>\n<p>&nbsp;<\/p>\n<h2>Archivo de entradas<\/h2>\n<ul><li><a href=\"https:\/\/oscarhumbertogomez.com\/?p=49599\">LA PR\u00c1CTICA DE LOS VALORES EN LA LUCHA CONTRA EL ESTR\u00c9S. Por \u00d3scar Humberto G\u00f3mez G\u00f3mez<\/a><\/li><li><a href=\"https:\/\/oscarhumbertogomez.com\/?p=49606\">VERSOS DEL DESORDEN. Por \u00d3scar Humberto G\u00f3mez G\u00f3mez<\/a><\/li><li><a href=\"https:\/\/oscarhumbertogomez.com\/?p=49621\">LA EMBOSCADA. Por \u00d3scar Humberto G\u00f3mez G\u00f3mez<\/a><\/li><li><a href=\"https:\/\/oscarhumbertogomez.com\/?p=49614\">GIORDANO BRUNO, LA LUCHA POR EL DERECHO A PENSAR DIFERENTE. Por \u00d3scar Humberto G\u00f3mez G\u00f3mez<\/a><\/li><li><a href=\"https:\/\/oscarhumbertogomez.com\/?p=49627\">LOS IND\u00cdGENAS FRENTE AL DERECHO PENAL COLOMBIANO. Por \u00d3scar Humberto G\u00f3mez G\u00f3mez<\/a><\/li><li><a href=\"https:\/\/oscarhumbertogomez.com\/?p=49635\">APUNTES CR\u00cdTICOS A LA AUDIENCIA DE CONCILIACI\u00d3N OBLIGATORIA EN MATERIA CONTENCIOSA ADMINISTRATIVA. Por \u00d3scar Humberto G\u00f3mez G\u00f3mez<\/a><\/li><li><a href=\"https:\/\/oscarhumbertogomez.com\/?p=49653\">HISTORIA DE BUCARAMANGA. Por \u00d3scar Humberto G\u00f3mez G\u00f3mez<\/a><\/li><li><a href=\"https:\/\/oscarhumbertogomez.com\/?p=18264\">POES\u00cdA PARA LEER DEBAJO DE LA MESA \/\/ Libardo Le\u00f3n Guar\u00edn<\/a><\/li><li><a href=\"https:\/\/oscarhumbertogomez.com\/?p=14698\">De Alix Serrano Otero \"MEMORIAS DEL BARRIO MUTIS. 46 a\u00f1os de bellos recuerdos\". Por \u00d3scar Humberto G\u00f3mez G\u00f3mez, Miembro Correspondiente de la Academia de Historia de Santander<\/a><\/li><li><a href=\"https:\/\/oscarhumbertogomez.com\/?p=9655\">MONEDA Y BANCA EN SANTANDER. Miguel Jos\u00e9 Pinilla Guti\u00e9rrez y Pedro Antonio Vivas Guevara.<\/a><\/li><li><a href=\"https:\/\/oscarhumbertogomez.com\/?p=4769\">EL DR. CARLOS CORT\u00c9S CABALLERO, M.D., Y SU TRATADO DE MEDICINA LEGAL. Por \u00d3scar Humberto G\u00f3mez G\u00f3mez. Fotograf\u00edas de Nylse Blackburn.<\/a><\/li><\/ul>\n<p>&nbsp;<\/p>\n","protected":false},"excerpt":{"rendered":"<p>&nbsp; En esta secci\u00f3n, creada el s\u00e1bado 31 de agosto de 2013, haremos alusi\u00f3n a obras bibliogr\u00e1ficas, principalmente de Santander. &nbsp; &nbsp; Con ella queremos complementar la lucha que, bajo nuestro propio sello, Casa Editora Los Hermanos G\u00f3mez, emprendimos en &hellip; <a href=\"https:\/\/oscarhumbertogomez.com\/?page_id=9648\">Sigue leyendo <span class=\"meta-nav\">&rarr;<\/span><\/a><\/p>\n<div class='heateorSssClear'><\/div><div  class='heateor_sss_sharing_container heateor_sss_horizontal_sharing' heateor-sss-data-href='https:\/\/oscarhumbertogomez.com\/?page_id=9648'><div class='heateor_sss_sharing_title' style=\"font-weight:bold\" >\u00a1Gracias por compartirla!<\/div><ul class=\"heateor_sss_sharing_ul\"><li class=\"heateorSssSharingRound\"><i style=\"width:35px;height:35px;border-radius:999px;\" alt=\"Facebook\" Title=\"Facebook\" class=\"heateorSssSharing heateorSssFacebookBackground\" onclick='heateorSssPopup(\"https:\/\/www.facebook.com\/sharer\/sharer.php?u=https%3A%2F%2Foscarhumbertogomez.com%2Findex.php%3Frest_route%3D%252Fwp%252Fv2%252Fpages%252F9648\")'><ss style=\"display:block;border-radius:999px;\" class=\"heateorSssSharingSvg heateorSssFacebookSvg\"><\/ss><\/i><\/li><li class=\"heateorSssSharingRound\"><i style=\"width:35px;height:35px;border-radius:999px;\" alt=\"Twitter\" Title=\"Twitter\" class=\"heateorSssSharing heateorSssTwitterBackground\" onclick='heateorSssPopup(\"http:\/\/twitter.com\/intent\/tweet?text=Libros&url=https%3A%2F%2Foscarhumbertogomez.com%2Findex.php%3Frest_route%3D%252Fwp%252Fv2%252Fpages%252F9648\")'><ss style=\"display:block;border-radius:999px;\" class=\"heateorSssSharingSvg heateorSssTwitterSvg\"><\/ss><\/i><\/li><li class=\"heateorSssSharingRound\"><i style=\"width:35px;height:35px;border-radius:999px;\" alt=\"Whatsapp\" Title=\"Whatsapp\" class=\"heateorSssSharing heateorSssWhatsappBackground\" onclick='heateorSssPopup(\"https:\/\/web.whatsapp.com\/send?text=Libros https%3A%2F%2Foscarhumbertogomez.com%2Findex.php%3Frest_route%3D%252Fwp%252Fv2%252Fpages%252F9648\")'><ss style=\"display:block\" class=\"heateorSssSharingSvg heateorSssWhatsappSvg\"><\/ss><\/i><\/li><li class=\"heateorSssSharingRound\"><i style=\"width:35px;height:35px;border-radius:999px;\" alt=\"Pinterest\" Title=\"Pinterest\" class=\"heateorSssSharing heateorSssPinterestBackground\" onclick=\"javascript:void( (function() {var e=document.createElement('script' );e.setAttribute('type','text\/javascript' );e.setAttribute('charset','UTF-8' );e.setAttribute('src','\/\/assets.pinterest.com\/js\/pinmarklet.js?r='+Math.random()*99999999);document.body.appendChild(e)})());\"><ss style=\"display:block;border-radius:999px;\" class=\"heateorSssSharingSvg heateorSssPinterestSvg\"><\/ss><\/i><\/li><li class=\"heateorSssSharingRound\"><i style=\"width:35px;height:35px;border-radius:999px;\" alt=\"Google Gmail\" Title=\"Google Gmail\" class=\"heateorSssSharing heateorSssGoogleGmailBackground\" onclick='heateorSssPopup(\"https:\/\/mail.google.com\/mail\/?ui=2&view=cm&fs=1&tf=1&su=Libros&body=Link:https%3A%2F%2Foscarhumbertogomez.com%2Findex.php%3Frest_route%3D%252Fwp%252Fv2%252Fpages%252F9648\")'><ss style=\"display:block;border-radius:999px;\" class=\"heateorSssSharingSvg heateorSssGoogleGmailSvg\"><\/ss><\/i><\/li><li class=\"heateorSssSharingRound\"><i style=\"width:35px;height:35px;border-radius:999px;\" title=\"More\" alt=\"More\" class=\"heateorSssSharing heateorSssMoreBackground\" onclick=\"heateorSssMoreSharingPopup(this, 'https:\/\/oscarhumbertogomez.com\/index.php?rest_route=%2Fwp%2Fv2%2Fpages%2F9648', 'Libros', '' )\" ><ss style=\"display:block\" class=\"heateorSssSharingSvg heateorSssMoreSvg\"><\/ss><\/i><\/li><\/ul><div class=\"heateorSssClear\"><\/div><\/div><div class='heateorSssClear'><\/div>","protected":false},"author":2,"featured_media":0,"parent":0,"menu_order":0,"comment_status":"closed","ping_status":"closed","template":"","meta":{"spay_email":"","footnotes":""},"class_list":["post-9648","page","type-page","status-publish","hentry"],"jetpack_shortlink":"https:\/\/wp.me\/P1FYrr-2vC","_links":{"self":[{"href":"https:\/\/oscarhumbertogomez.com\/index.php?rest_route=\/wp\/v2\/pages\/9648","targetHints":{"allow":["GET"]}}],"collection":[{"href":"https:\/\/oscarhumbertogomez.com\/index.php?rest_route=\/wp\/v2\/pages"}],"about":[{"href":"https:\/\/oscarhumbertogomez.com\/index.php?rest_route=\/wp\/v2\/types\/page"}],"author":[{"embeddable":true,"href":"https:\/\/oscarhumbertogomez.com\/index.php?rest_route=\/wp\/v2\/users\/2"}],"replies":[{"embeddable":true,"href":"https:\/\/oscarhumbertogomez.com\/index.php?rest_route=%2Fwp%2Fv2%2Fcomments&post=9648"}],"version-history":[{"count":6,"href":"https:\/\/oscarhumbertogomez.com\/index.php?rest_route=\/wp\/v2\/pages\/9648\/revisions"}],"predecessor-version":[{"id":52734,"href":"https:\/\/oscarhumbertogomez.com\/index.php?rest_route=\/wp\/v2\/pages\/9648\/revisions\/52734"}],"wp:attachment":[{"href":"https:\/\/oscarhumbertogomez.com\/index.php?rest_route=%2Fwp%2Fv2%2Fmedia&parent=9648"}],"curies":[{"name":"wp","href":"https:\/\/api.w.org\/{rel}","templated":true}]}}